) = -u - 3. Let o be r(-5). Suppose 52 = o*w + 2*w. Suppose -3*t = -w - 5. What is the remainder when 9 is divided by t?
3
Let q(p) = -2*p**3 - 7*p**2 - 4*p + 2. Calculate the remainder when q(-4) is divided by 9.
7
Let v(j) = -10*j - 2. Let c = 4 + -6. What is the remainder when v(c) is divided by 3/6 - (-26)/4?
4
Let s(b) = b**3 - 6*b**2 + 4*b + 7. Let o be s(5). Let m = 5 - o. Suppose -m*v = -63 - 9. What is the remainder when v is divided by 13?
11
Let u be (-52)/(-12) - (-2)/(-6). Suppose -z - u*l = -45, 4*z - 74 = l + 55. What is the remainder when z is divided by 12?
9
Suppose 4*v - 24 = v. What is the remainder when (-14 + 11)/((-3)/31) is divided by v?
7
Let f be 130/4*8/(-10). Let r = f + 37. Let o(v) = 3*v**3 - 2*v**2 + 2*v. Calculate the remainder when o(2) is divided by r.
9
Suppose -7 = -p - 2. Let f be p - (-2)/(-1*2). Suppose 3*v - 3 = -u + f*v, u = 5*v - 1. Calculate the remainder when u is divided by 3.
1
Let z(b) = -b - 7. Let c be z(-9). Suppose 23 + 25 = c*v. Calculate the remainder when 70 is divided by v.
22
Suppose -2*y - 85 = -7*y. Calculate the remainder when y is divided by 10.
7
What is the remainder when 29 is divided by ((-6)/15)/(-2) - (-872)/40?
7
Suppose 27 = 2*y + z, -13 = -3*y + z + 3*z. What is the remainder when 42 is divided by y?
9
Suppose -198 = -3*g + 4*h - 14, -g + 2*h = -58. What is the remainder when g is divided by 27?
14
Suppose -7*o = -228 - 17. Calculate the remainder when 172 is divided by o.
32
Let m(f) = -2*f**3 - 5*f**2 + 5*f + 4. Let r = -13 - -9. Calculate the remainder when m(r) is divided by 11.
10
Suppose 122 = 3*r - 40. What is the remainder when r is divided by 19?
16
Let a(q) be the first derivative of q**2/2 + 2*q - 1. Calculate the remainder when 22 is divided by a(6).
6
Let l(g) = 3*g - 7. Let b(p) = 2*p - 5. Let k(a) = -8*b(a) + 5*l(a). What is the remainder when 19 is divided by k(-5)?
9
Let i be -1*2 + 4 - -6. Suppose -z + 31 = p - 3*z, -4*p - z = -88. Calculate the remainder when p is divided by 1/(-4) + 98/i.
11
What is the remainder when 21 is divided by (-4)/6*(-54)/3?
9
Suppose -4*q + 8 = -112. Calculate the remainder when 119 is divided by q.
29
Calculate the remainder when 38 is divided by (-6)/2 + (15 - 2).
8
Let g(v) = -4*v - 5. Let x = -7 - -11. What is the remainder when g(-4) is divided by x?
3
What is the remainder when 14 is divided by 0 + -3 + (0 - -11)?
6
Let w = 11 + 11. Let h be -5*(-1)/((-10)/12). Calculate the remainder when (w + h)*1/2 is divided by 5.
3
Suppose -5*k + 3451 = -3*v, 5*v - 1585 = -3*k + 472. Let f = k - 450. Suppose 5*y = 3*n - f, 0 = -y + 2*y + 4. Calculate the remainder when n is divided by 25.
23
Suppose 156 = 2*z + 48. What is the remainder when 214 is divided by z?
52
Let m(j) = 5*j**3 - 1. Let r be m(1). Suppose -25 = 3*y - r*t + 95, -5*y - 217 = -t. Calculate the remainder when (-211)/(-11) - (-8)/y is divided by 11.
8
Let g be (-1 + -2 + 4)*7. Let a(y) = 2*y - 8. Calculate the remainder when 22 is divided by a(g).
4
Suppose -3*n = -2*x + 5, 4*x = -0*x + 3*n + 13. Suppose -3*a + 74 = -5*t, -x*t + 34 = a - 19. What is the remainder when a is divided by 12?
9
Let g(n) = 7*n**3 + 15*n**2 + n - 12. Let i(f) = -8*f**3 - 16*f**2 - f + 12. Let l(a) = -7*g(a) - 6*i(a). What is the remainder when l(-9) is divided by 12?
9
Let x(c) = c + 9. Suppose 49 = -2*u + 11. Let y = -12 - u. Calculate the remainder when y is divided by x(-5).
3
Let q(x) = 99*x**2 - 2*x. Let d(g) = g**2 - g. Let i(t) = -d(t) + q(t). Let m be i(-2). What is the remainder when (-2)/7 + m/7 is divided by 19?
18
Suppose 3*d + 3*o = d - 42, o = 4*d + 70. Let j = 9 - d. Calculate the remainder when 78 is divided by j.
24
Let s(y) = -2*y - 14. Let t be s(-10). Let k = 11 - t. Let c = 3 - 0. What is the remainder when k is divided by c?
2
Calculate the remainder when 336/(-64)*3*-4 is divided by 33.
30
Let d = 3 - 2. Calculate the remainder when (-3 + 195)/3 + 3 is divided by d/(3/(-6)) + 25.
21
Suppose -491 = -9*v + 40. Calculate the remainder when 115 is divided by v.
56
Let m(y) = -34*y - 5. What is the remainder when m(-5) is divided by 12?
9
Suppose 54 = -3*g + 9*g. Calculate the remainder when g is divided by 5.
4
Suppose -l + 6*l - 15 = 0. Calculate the remainder when (-2)/3*(-84)/8 is divided by l.
1
Suppose 6*g - 2*g = -3*a + 55, 4*a + 4*g - 68 = 0. Suppose 3*q - 37 = 38. Calculate the remainder when q is divided by a.
12
Suppose 4*a - 5*c = 50, -3*c - 8 - 16 = -2*a. What is the remainder when 29 is divided by a?
14
Let c be (5/2)/((-5)/10). Let y = 6 - c. Calculate the remainder when 30 is divided by y.
8
Let n = 30 + -13. Calculate the remainder when n is divided by 15/6*(5 - (-26)/(-10)).
5
Suppose -2*v + 4*v = -2*f + 136, -5*f = v - 344. Calculate the remainder when f is divided by 9.
6
Suppose 0 = 11*z - 17*z + 228. Calculate the remainder when 112 is divided by z.
36
What is the remainder when (-49)/((-5 - 0)/10) is divided by 51?
47
Let s(w) = -10*w + 11. Calculate the remainder when 121 is divided by s(-3).
39
What is the remainder when (-7)/7 + (-39)/(-1) is divided by 10?
8
Suppose -79 = -2*c + c. Suppose 2*k - 3*z - 35 = 0, k - 6*k - z + c = 0. What is the remainder when k is divided by 9?
7
Let n be (-2)/(-5) - (-1320)/(-50). What is the remainder when 15 - 12 - n/2 is divided by 9?
7
Let b(a) = a**2 - 2*a - 19. What is the remainder when 55 is divided by b(8)?
26
Calculate the remainder when 1 + 4/(-7) - 2416/(-112) is divided by 6.
4
Suppose 18 = 4*n - 10. Suppose 0 = 3*h - n - 47. Calculate the remainder when 52 is divided by h.
16
Let p = 126 - 93. What is the remainder when p is divided by 14?
5
Suppose 6*n = 199 - 19. Calculate the remainder when n is divided by 11.
8
Suppose -k + 34 = -5*f, 4*k + 4*f = 3 + 13. Suppose -d - 23 = -y, 107 = -2*y + 6*y + d. Calculate the remainder when y is divided by k.
8
Suppose -5*a = -3 - 2, 3*x - 29 = -2*a. Let s(g) = 4*g**3 - g**2. Let v be s(1). Suppose 104 = -v*k + 7*k. Calculate the remainder when k is divided by x.
8
Let r = 19 + -8. What is the remainder when 19 is divided by r?
8
Let y = -30 - -68. Suppose 0 = 8*u - 3*u + 2*v - 123, -u + 4*v = -7. Suppose 5*a + y = f, -f + u = 5*a - 45. Calculate the remainder when f is divided by 18.
17
Suppose u = 4*u - 15, 4*l = -4*u + 44. Let z = -3 + l. Suppose -7 + z = -k. What is the remainder when 10 is divided by k?
2
Suppose 87 = -2*z + 299. Let g be 4 - (-2 + -2 + 4). Suppose -2*l = g*c - c - 74, 2*c = -3*l + z. Calculate the remainder when l is divided by 12.
10
Let r = -4 + 11. What is the remainder when r is divided by 4?
3
Let y(z) = -z**3 + 8*z**2 - 3*z - 7. Let p(c) = c - 4. Let n be p(5). What is the remainder when 2 + 36 - (-2)/n is divided by y(7)?
19
Let y(w) = -4*w - 3. Let m be y(-3). Let p = m + 5. What is the remainder when (0 - (-26)/(-4))*(6 - 10) is divided by p?
12
Let m(r) = 11*r**2 + 3*r. Let p(v) = -v + 6. Let s be p(8). What is the remainder when m(s) is divided by 20?
18
Calculate the remainder when 20 is divided by (84/8 + -4)*2.
7
Let r = 0 - -4. Suppose 8 = -x + 2*u, x - 2*x - 18 = -r*u. Suppose 52 - 12 = x*j. Calculate the remainder when 58 is divided by j.
18
Suppose -k - 12 = -35. What is the remainder when k is divided by 13?
10
Suppose 8*v = v + 854. Calculate the remainder when v is divided by 63.
59
Suppose 5*c = 3*a - 127, 2*a - c = -3*c + 74. What is the remainder when 150 is divided by a?
33
Let i(y) = y**2 - 9*y - 12. Let q be i(10). Calculate the remainder when 34 is divided by 3 - 6*(1 + q).
7
Let u(s) = 3*s + 1. Let m be u(-1). Suppose -4*p + 0 = -4. Calculate the remainder when p*7/(-2)*m is divided by 2.
1
Let h be 0 - (1 + (-2 - -1)). Suppose h*s = 2*s. Suppose 3*x - v - 101 = 0, s*v - 12 = -3*v. What is the remainder when x is divided by 12?
11
Let v(b) = -b**3 + 7*b**2 + b - 7. Calculate the remainder when 138 is divided by v(6).
33
Suppose 0*a + a = 33. Let q = -18 + a. What is the remainder when q is divided by 9?
6
Calculate the remainder when (-3 - (-90)/14)*7 is divided by 2/(-9) - (-476)/36.
11
Let w(o) = 4*o + 1. Let p = -7 - -10. Calculate the remainder when 25 is divided by w(p).
12
Let m(w) = 11*w**2 + 2*w + 2. Suppose 0*h + 210 = 5*h. Calculate the remainder when h is divided by m(-1).
9
Let r = 21 + -12. Let 